 greatest common factor of 7 and q?
7
Suppose 3*o = 2*k + 1, 27 - 38 = 3*o - 5*k. Suppose -7*r + o*r + 240 = 0. What is the greatest common factor of 380 and r?
20
Let l be (-132)/16 + (1 + 1)/8. Let n be 5 - (2/(-2) + (l - -11)). Suppose -n*z + 0*z = -108. What is the highest common divisor of 180 and z?
36
Suppose -p = 2*b - 252, 618*p - 622*p + 1005 = 5*b. Calculate the highest common factor of 6950 and p.
50
Let d = -3335 + 3369. What is the highest common divisor of 1054 and d?
34
Suppose 65*d - 15 = 895. Calculate the greatest common divisor of d and 1694.
14
Let z be 3458/(-56)*-1*(28 - -8). What is the greatest common divisor of 624 and z?
39
Let v be ((-24)/264*11)/(2/(-788)). Calculate the highest common divisor of v and 22.
2
Suppose 78*j + 69 = 3*z + 83*j, 5*z - 115 = 3*j. Calculate the highest common divisor of z and 1633.
23
Suppose 11*t + 0*t - 2*t - 14022 = 0. Calculate the highest common factor of t and 190.
38
Let k be (12/10)/(-25 - 9557/(-380)). Let j be (-2)/6 + (-1)/(-3). Suppose j = -2*b + 8 + 8. Calculate the greatest common factor of k and b.
8
Let l(z) = -z**2 + 5*z - 4. Let x be l(3). Suppose -105*d - 78*d + 151*d + 1216 = 0. Calculate the highest common divisor of x and d.
2
Let x be 4192/12*195/10. Calculate the greatest common divisor of 52 and x.
52
Let q = -504 - -522. Let w(c) = 28*c. Let m be w(1). Suppose -l - 2*l = -4*k + 42, -2*l + m = 2*k. What is the highest common factor of k and q?
6
Suppose 0 = -12*s + 3*s + s + 34456. What is the highest common divisor of 146 and s?
73
Suppose -7562 = -13*b - 2*g, 12*b + 3*g = 9*b + 1740. What is the greatest common divisor of 12513 and b?
291
Let n be -15*7/(-70)*1096/3. Suppose 20 = -5*l - 0, 5*f - n = -3*l. Calculate the highest common divisor of f and 56.
56
Suppose -1 = -26*u + 51. Suppose -5*g - u*t + 23 = -6, -2*g = 5*t + 1. Calculate the highest common divisor of g and 63.
7
Suppose 4*m = m, -3*m - 252 = -3*c. Let d(k) = -56*k. Let u be d(-2). Calculate the highest common factor of c and u.
28
Suppose 83192 = 87*w + 158*w + 21452. Calculate the greatest common divisor of 25956 and w.
252
Let d(f) be the first derivative of f**2/2 + 2*f + 33. Suppose 24 - 7 = t. Let c be d(t). Calculate the greatest common divisor of c and 57.
19
Let m = -2220 + 2228. Let w be -2 + 174 - (0 + -1). Let y = -37 + w. What is the highest common factor of m and y?
8
Let b be 4872/(-224)*132/(-9). Let p(v) = 3*v - 1. Let k be p(4). Calculate the highest common divisor of b and k.
11
Let b be 4 - 4 - -3*57. Let l be 140/21 - (-3)/((-81)/(-63)). What is the highest common divisor of b and l?
9
Suppose -14 = 3*t + 11*t. Let f be (-10 - 0)/(t/5). What is the greatest common divisor of 25 and f?
25
Let m be ((-22)/6)/(3/(-1134)). Suppose 3*j = -4*d + 78, 164*d - 42 = -3*j + 166*d. Calculate the highest common divisor of m and j.
18
Suppose 238*r = 242*r. Suppose 4*k - 2653 + 57 = r. What is the greatest common divisor of k and 11?
11
Let s be ((-6)/4)/(-9 + 1950/220). Suppose 0 = s*w + 9 - 53. What is the greatest common factor of w and 1?
1
Let c(o) = -51*o + 13. Suppose 0 = 3*w - 6, 3*z = 3*w + 18 + 3. Suppose -4*y + z*y = -10. Let d be c(y). Calculate the highest common divisor of 5 and d.
5
Let j be 10 + 5/((-10)/4). Let k = 257 + -224. Let b be 16/j*k/6. Calculate the greatest common divisor of b and 55.
11
Let s be 158/10 + 1/5. Let t(y) = 11*y - 145. Let x be t(13). Let j be ((-5)/(-4 + -1))/(x/(-288)). Calculate the highest common factor of s and j.
16
Let f = 859 + -749. Suppose -7*k = -9*k + f. Calculate the highest common divisor of k and 121.
11
Let p(a) = -40 - 31 + 14*a - a**2 + 101 - 37. Let w be p(5). What is the greatest common divisor of 38 and w?
38
Let n = -1902 - -1905. Calculate the greatest common divisor of 519 and n.
3
Let l(n) = 41*n**3 - n**2. Let a be l(1). Let r = 34 - a. Let i be (14/r + -1)/(42/(-63)). What is the highest common factor of 15 and i?
5
Suppose -2*c - 457*w + 452*w + 308 = 0, -c = 3*w - 153. What is the greatest common divisor of c and 1484?
53
Suppose -9*g = 9433 - 10810. What is the greatest common divisor of g and 207?
9
Let x be 6/1 - 0 - 2. Suppose -2*a + 29 = 3*t, t + 0*t + 65 = x*a. Let m be (396/(-363))/(5/(-55)). What is the highest common factor of m and a?
4
Suppose -2*n + 5*i + 5023 = 0, 550*i = -3*n + 552*i + 7584. Calculate the greatest common divisor of 98 and n.
14
Let i = -2930 + 2962. What is the highest common factor of 5312 and i?
32
Let l = 1529 + -1199. Let t be (-301)/(-14) + 2/4. Calculate the greatest common divisor of t and l.
22
Suppose 6 - 58 = -5*d - 3*t, d - 2*t = 0. Let m(x) = -x + 17. Let v be m(d). Suppose 18 + v = q. Calculate the highest common factor of 3 and q.
3
Let j be 9/18 + 434/4. Let k = 169 - j. Suppose 9*q - 3*q - 180 = 0. Calculate the highest common divisor of k and q.
30
Suppose 0 = -2*d + 6, 2*p + 3*p = 3*d + 111. Suppose -p*j + 3152 = 632. What is the highest common divisor of 60 and j?
15
Suppose 2*b - f + 715 = 959, 5*b = 4*f + 619. Calculate the highest common divisor of 68 and b.
17
Let a(n) = -3*n - 34. Let d(c) = -c - 11. Let w(l) = -4*a(l) + 11*d(l). Let q be w(-8). Suppose 24 = q*y - 39. What is the greatest common factor of y and 81?
9
Let o(t) = -2*t**3 - 14*t**2 + 4*t + 12. Let m be o(-7). Let q be (-260)/(-8) + 8/m. Calculate the greatest common divisor of 144 and q.
16
Let t be (0 - (0 - 6)) + -1. Let u = -62272 + 62317. Calculate the highest common divisor of u and t.
5
Let u(g) = 2*g**3 - 85*g**2 - 40*g - 120. Let n be u(43). Suppose 56 + 673 = n*c. Calculate the greatest common factor of c and 27.
27
Suppose -17*i = -738 + 361 - 1170. What is the highest common divisor of 35 and i?
7
Suppose 5*o + 455 + 805 = 0. Let p be 4/5 - o/10. Let g be 12/(120/290) + 10. What is the greatest common divisor of p and g?
13
Let p(h) = -237*h + 1. Let w be p(-1). Suppose 125*l - 78 = -4*k + 120*l, 3*l + 79 = 5*k. What is the greatest common factor of k and w?
17
Suppose -17*k - 789 = -3475. What is the highest common factor of k and 6478?
158
Let k be (-1444)/266*(-35)/10. Calculate the greatest common divisor of k and 646.
19
Suppose -3*d + 2*k + 7057 = 0, -3*k + 7639 - 607 = 3*d. Calculate the greatest common factor of 81 and d.
81
Let u = 372 - 477. Let f be 4*(2 + -8)*140/u. Calculate the highest common divisor of 352 and f.
32
Let p be 2 + 69/2*-2. Let c(a) = a**3 - 14*a**2 - 5*a + 35. Let w be c(14). Let b = w - p. What is the greatest common factor of b and 288?
32
Let t(l) = 8*l - 183. Let p be t(26). Let m(d) = 429*d. Let o be m(2). Let n = o - 583. What is the greatest common divisor of n and p?
25
Suppose 57124 = 32*w + 74*w - 33506. Calculate the highest common factor of 684 and w.
171
Let n = -27 + 30. Let r(g) = -9*g + 41. Let i be r(n). Calculate the highest common divisor of i and 658.
14
Suppose 42*b + 57*b = 6237. Calculate the greatest common divisor of b and 9.
9
Suppose -a + k = -400, -10*a + 5*a - 7*k + 1940 = 0. What is the highest common divisor of a and 6399?
79
Let i(f) = 44*f**3 + 2*f**2 - 14*f + 26. Let z be i(3). What is the greatest common factor of z and 1870?
170
Let n(d) = d**2 - 4*d - 3. Let c be n(-3). Suppose -262*v + 60588 = 44*v. Calculate the highest common divisor of v and c.
18
Let c be -7*(1 - ((-648)/(-63))/9). Calculate the greatest common factor of c and 292.
1
Let q = -186 - -206. Let v be (q/6)/(4/24). Calculate the highest common divisor of v and 100.
20
Let b(c) = 31*c - 9. Let j be b(6). Suppose 2*v - 27 - j = 0. What is the highest common factor of 34 and v?
34
Let x = 45675 + -45569. What is the greatest common divisor of 25758 and x?
106
Let i = 518 - 509. Suppose -i*m - 108 = -459. Calculate the highest common divisor of m and 1560.
39
Let d(t) = t + 1. Let w be d(9). Let c = w + 0. Suppose 58 = 3*r - 32. What is the highest common factor of c and r?
10
Suppose 0 = -45*l - 9389 + 19636 + 13603. What is the highest common divisor of l and 20?
10
Let k be 81/135 + (-6)/10 - -2635. Calculate the greatest common divisor of 170 and k.
85
Suppose -f = -6*a + 11*a - 463, -461 = -5*a - 2*f. Calculate the highest common divisor of 9393 and a.
93
Let m = 3174 + -1783. Let g = m + -1389. Let w be 2/1 + (-2)/(-2). What is the greatest common diviso